remainder when 7477805 is divided by 161.
160
Calculate the remainder when 8441304 is divided by 496547.
5
What is the remainder when 274892 is divided by 818?
44
What is the remainder when 134766018 is divided by 527?
524
What is the remainder when 918475 is divided by 240?
235
What is the remainder when 49677 is divided by 700?
677
What is the remainder when 93806 is divided by 2467?
60
Calculate the remainder when 418648 is divided by 1210.
1198
Calculate the remainder when 770827 is divided by 675.
652
Calculate the remainder when 1023397 is divided by 78705.
232
What is the remainder when 49468 is divided by 4274?
2454
Calculate the remainder when 198692242 is divided by 12.
10
What is the remainder when 12271 is divided by 1433?
807
What is the remainder when 2397476 is divided by 959?
935
What is the remainder when 507535 is divided by 1567?
1394
What is the remainder when 428405 is divided by 3771?
2282
What is the remainder when 1522435840 is divided by 21?
16
Calculate the remainder when 2231402 is divided by 10189.
11
Calculate the remainder when 381559 is divided by 190417.
725
What is the remainder when 67941 is divided by 33785?
371
Calculate the remainder when 21835141 is divided by 23.
22
What is the remainder when 963885 is divided by 3003?
2925
Calculate the remainder when 2272200 is divided by 235.
220
Calculate the remainder when 794432 is divided by 62.
26
Calculate the remainder when 58615 is divided by 441.
403
Calculate the remainder when 618489045 is divided by 8.
5
What is the remainder when 62009 is divided by 3495?
2594
Calculate the remainder when 1932031 is divided by 441.
10
Calculate the remainder when 1670944 is divided by 56.
16
Calculate the remainder when 33262 is divided by 639.
34
Calculate the remainder when 2097176 is divided by 105.
11
What is the remainder when 30449229 is divided by 2537431?
57
Calculate the remainder when 16025952 is divided by 1549.
1547
Calculate the remainder when 105240129 is divided by 718.
715
What is the remainder when 355386806 is divided by 3976?
3974
What is the remainder when 668554 is divided by 138?
82
Calculate the remainder when 1009547 is divided by 3244.
663
Calculate the remainder when 20809407 is divided by 177858.
21
Calculate the remainder when 20298626 is divided by 7.
5
What is the remainder when 99294 is divided by 167?
96
What is the remainder when 73455623 is divided by 396?
395
Calculate the remainder when 17217752 is divided by 17.
16
What is the remainder when 13133 is divided by 1301?
123
Calculate the remainder when 444786 is divided by 444776.
10
Calculate the remainder when 12525838 is divided by 1667.
0
Calculate the remainder when 46993 is divided by 1880.
1873
What is the remainder when 5939 is divided by 121?
10
What is the remainder when 12383 is divided by 595?
483
What is the remainder when 16063402 is divided by 2993?
2964
Calculate the remainder when 5679754 is divided by 389.
354
What is the remainder when 8605061 is divided by 389?
381
Calculate the remainder when 679923 is divided by 5049.
3357
What is the remainder when 13992192 is divided by 1271986?
346
What is the remainder when 40716 is divided by 557?
55
Calculate the remainder when 4421169 is divided by 738.
549
Calculate the remainder when 114792 is divided by 2602.
304
Calculate the remainder when 38203 is divided by 3473.
0
Calculate the remainder when 21065475 is divided by 215.
205
What is the remainder when 269448 is divided by 4787?
1376
Calculate the remainder when 6524620 is divided by 1185.
10
What is the remainder when 3072740 is divided by 5242?
928
Calculate the remainder when 235661 is divided by 33658.
55
Calculate the remainder when 13150152 is divided by 36427.
5
Calculate the remainder when 15042 is divided by 5001.
39
Calculate the remainder when 5594687 is divided by 2583.
2492
Calculate the remainder when 757287496 is divided by 87.
85
What is the remainder when 316415 is divided by 62494?
3945
What is the remainder when 293664 is divided by 6523?
129
Calculate the remainder when 2440531 is divided by 116181.
730
What is the remainder when 1756688 is divided by 250938?
122
What is the remainder when 8438269 is divided by 11016?
13
Calculate the remainder when 171215654 is divided by 365.
359
Calculate the remainder when 750477 is divided by 24922.
2817
What is the remainder when 30764 is divided by 118?
84
What is the remainder when 45333145 is divided by 1901?
1899
What is the remainder when 8904170 is divided by 468640?
10
Calculate the remainder when 567176 is divided by 141791.
12
Calculate the remainder when 21162823 is divided by 67.
2
Calculate the remainder when 1382093 is divided by 851.
69
What is the remainder when 243201 is divided by 2060?
121
Calculate the remainder when 140568 is divided by 69841.
886
What is the remainder when 480826448 is divided by 611?
609
What is the remainder when 1942126 is divided by 23399?
9
What is the remainder when 121458086 is divided by 2009?
1982
What is the remainder when 527214 is divided by 26340?
414
Calculate the remainder when 824854 is divided by 1231.
84
What is the remainder when 64735307 is divided by 638?
637
What is the remainder when 421620 is divided by 1952?
1940
Calculate the remainder when 1531749 is divided by 61268.
49
What is the remainder when 63028446 is divided by 43408?
30
Calculate the remainder when 4309598 is divided by 57.
56
What is the remainder when 166839 is divided by 9?
6
What is the remainder when 521344 is divided by 520290?
1054
Calculate the remainder when 2631478 is divided by 3600.
3478
What is the remainder when 2779015 is divided by 287?
281
Calculate the remainder when 6883825 is divided by 1402.
5
Calculate the remainder when 48485 is divided by 5306.
731
Calculate the remainder when 472459 is divided by 117635.
1919
Calculate the remainder when 1605475 is divided by 10359.
10189
Calculate the remainder when 28818712 is divided by 18391.
15
What is the remainder when 195738 is divided by 2064?
1722
Calculate the remainder when 60873512 is divided by 289.
286
Calculate the remainder when 461054 is divided by 153187.
1493
Calculate the remainder when 13514418 is divided by 410.
408
Calculate the remainder when 11866047 is divided by 17.
13
What is the remainder when 176946 is divided by 347?
323
Calculate the remainder when 9600933 is divided by 29182.
55
What is the remainder when 235412 is divided by 17?
13
Calculate the remainder when 414299 is divided by 2685.
809
What is the remainder when 179091300 is divided by 69?
6
Calculate the remainder when 33262465 is divided by 5883.
5866
Calculate the remainder when 32557316 is divided by 40.
36
What is the remainder when 7354064 is divided by 1788?
20
Calculate the remainder when 145469 is divided by 785.
244
What is the remainder when 3127571 is divided by 189?
188
What is the remainder when 11722 is divided by 86?
26
Calculate the remainder when 24653 is divided by 29.
3
Calculate the remainder when 25873904 is divided by 93746.
8
Calculate the remainder when 344046 is divided by 512.
494
What is the remainder when 52526077 is divided by 117?
97
Calculate the remainder when 116472 is divided by 169.
31
Calculate the remainder when 785231 is divided by 260383.
4082
Calculate the remainder when 5927830 is divided by 865.
850
What is the remainder when 207658 is divided by 29615?
353
What is the remainder when 2251532 is divided by 1805?
697
What is the remainder when 49414328 is divided by 33?
29
Calculate the remainder when 37352548 is divided by 344.
340
Calculate the remainder when 778419 is divided by 257699.
5322
Calculate the remainder when 28533481 is divided by 2194882.
15
What is the remainder when 3851062 is divided by 1915?
1912
What is the remainder when 2527309 is divided by 309?
307
What is the remainder when 37091349 is divided by 1573?
9
What is the remainder when 28408 is divided by 9271?
595
Calculate the remainder when 413515 is divided by 449.
435
What is the remainder when 9876308 is divided by 48?
20
Calculate the remainder when 14199 is divided by 1292.
1279
What is the remainder when 1219562 is divided by 971?
957
What is the remainder when 1041519 is divided by 336?
255
What is the remainder when